{"id":4883,"date":"2019-06-16T12:40:38","date_gmt":"2019-06-16T10:40:38","guid":{"rendered":"http:\/\/nestor-contorsionniste.fr\/?page_id=4883"},"modified":"2024-06-06T14:23:45","modified_gmt":"2024-06-06T12:23:45","slug":"references-2","status":"publish","type":"page","link":"https:\/\/nestor-contorsionniste.fr\/?page_id=4883","title":{"rendered":"R\u00e9f\u00e9rences"},"content":{"rendered":"<p>&lt;p&gt;<div style='height:100px' class='hr hr-invisible '><span class='hr-inner ' ><span class='hr-inner-style'><\/span><\/span><\/div><div class='flex_column_table av-equal-height-column-flextable' ><div class=\"flex_column av_one_fourth  av-hide-on-mobile  no_margin flex_column_table_cell av-equal-height-column av-align-middle av-zero-column-padding first  \" style='border-radius:10px 00px 00px 10px ; '><p>&lt;br \/&gt;<section class=\"av_textblock_section\" ><div class='avia_textblock '  style='font-size:22px; ' ><\/div><\/section>&lt;br \/&gt;<\/p><\/div><div class=\"flex_column av_one_half  no_margin flex_column_table_cell av-equal-height-column av-align-middle   \" style='padding:20px 0 0px 0 ; border-radius:0px; '><p>&lt;br \/&gt;<section class=\"av_textblock_section\" ><div class='avia_textblock '  style='font-size:22px; ' ><p>&lt;\/p&gt;<br \/>\n&lt;h2 class=\u00a0\u00bbiconbox_content_title\u00a0\u00bb style=\u00a0\u00bbtext-align: center;\u00a0\u00bb data-mce-style=\u00a0\u00bbtext-align: center;\u00a0\u00bb&gt;&lt;span style=\u00a0\u00bbfont-family: &lsquo;times new roman&rsquo;;\u00a0\u00bb data-mce-style=\u00a0\u00bbfont-family: &lsquo;times new roman&rsquo;;\u00a0\u00bb&gt;REFERENCES&lt;\/span&gt;&lt;\/h2&gt;<br \/>\n&lt;p&gt;<\/p>\n<\/div><\/section><div style=' margin-top:0px; margin-bottom:00px;'  class='hr hr-custom hr-center hr-icon-no '><span class='hr-inner   inner-border-av-border-fat' style=' width:200px; border-color:#ffffff;' ><span class='hr-inner-style'><\/span><\/span><\/div>&lt;br \/&gt;<\/p><\/div><div class=\"flex_column av_one_fourth  av-hide-on-mobile  no_margin flex_column_table_cell av-equal-height-column av-align-middle av-zero-column-padding   \" style='border-radius:10px 00px 00px 10px ; '><p>&lt;br \/&gt;<section class=\"av_textblock_section\" ><div class='avia_textblock '  style='font-size:22px; ' ><\/div><\/section>&lt;br \/&gt;<\/p><\/div><\/div><!--close column table wrapper. Autoclose:  --><div class='flex_column_table av-equal-height-column-flextable' ><div class=\"flex_column av_one_half  no_margin flex_column_table_cell av-equal-height-column av-align-middle av-zero-column-padding first  \" style='border-radius:0px; '><section class=\"av_textblock_section\" ><div class='avia_textblock  av_inherit_color'  style='font-size:26px; color:#ffffff; ' ><p>&lt;strong&gt;Karnidale &#8211; The Western Australian Circus Festival&lt;\/strong&gt;&lt;strong&gt;&lt;span style=\u00a0\u00bbcolor: #ffffff;\u00a0\u00bb data-mce-style=\u00a0\u00bbcolor: #ffffff;\u00a0\u00bb&gt;Newcomershow (KrystallPalast, Allemagne)&lt;\/span&gt;&lt;\/strong&gt;&lt;strong&gt;&lt;span style=\u00a0\u00bbcolor: #ffffff;\u00a0\u00bb data-mce-style=\u00a0\u00bbcolor: #ffffff;\u00a0\u00bb&gt;International Salieri Circus Awards (Legnago, Italie)&lt;\/span&gt;&lt;\/strong&gt;&lt;strong&gt;&lt;span style=\u00a0\u00bbcolor: #ffffff;\u00a0\u00bb data-mce-style=\u00a0\u00bbcolor: #ffffff;\u00a0\u00bb&gt;Ferrari (Salon de l&rsquo;auto \u00e0 Gen\u00e8ve)&lt;\/span&gt;&lt;\/strong&gt;&lt;strong&gt;&lt;span style=\u00a0\u00bbcolor: #ffffff;\u00a0\u00bb data-mce-style=\u00a0\u00bbcolor: #ffffff;\u00a0\u00bb&gt;Event \u00ab\u00a0Le Grand D\u00eener\u00a0\u00bb avec Maxime Dereymez&lt;\/span&gt;&lt;\/strong&gt;<\/p>\n<\/div><\/section><\/div><div class=\"flex_column av_one_half  no_margin flex_column_table_cell av-equal-height-column av-align-middle av-zero-column-padding   \" style='border-radius:0px; '><section class=\"av_textblock_section\" ><div class='avia_textblock '  style='font-size:26px; ' ><p>Finale \u00ab\u00a0La France a un incroyable Talent\u00a0\u00bb&lt;strong&gt;&lt;span style=\u00a0\u00bbcolor: #ffffff;\u00a0\u00bb data-mce-style=\u00a0\u00bbcolor: #ffffff;\u00a0\u00bb&gt;Ev\u00e8nement pour l&rsquo;agence Xsaga (Amsterdam)&lt;\/span&gt;&lt;\/strong&gt;&lt;strong&gt;&lt;span style=\u00a0\u00bbcolor: #ffffff;\u00a0\u00bb data-mce-style=\u00a0\u00bbcolor: #ffffff;\u00a0\u00bb&gt;Folies Berg\u00e8res pour l&rsquo;agence Alchimii&lt;\/span&gt;&lt;\/strong&gt;&lt;strong&gt;&lt;span style=\u00a0\u00bbcolor: #ffffff;\u00a0\u00bb data-mce-style=\u00a0\u00bbcolor: #ffffff;\u00a0\u00bb&gt;Op\u00e9ra Royale de Wallonie (Belgique)&lt;\/span&gt;&lt;\/strong&gt;<\/p>\n<\/div><\/section><\/div><\/div><!--close column table wrapper. Autoclose:  --><div style=' margin-top:0px; margin-bottom:00px;'  class='hr hr-custom hr-center hr-icon-no '><span class='hr-inner   inner-border-av-border-fat' style=' width:200px; border-color:#ffffff;' ><span class='hr-inner-style'><\/span><\/span><\/div><div class='flex_column_table av-equal-height-column-flextable' ><div class=\"flex_column av_one_half  no_margin flex_column_table_cell av-equal-height-column av-align-middle av-zero-column-padding first  \" style='border-radius:0px; '><p>&lt;br \/&gt;<section class=\"av_textblock_section\" ><div class='avia_textblock '  style='font-size:26px; ' ><p>Casino Barri\u00e8re DeauvilleCabaret Onirique&lt;span style=\u00a0\u00bbcolor: #ffffff;\u00a0\u00bb data-mce-style=\u00a0\u00bbcolor: #ffffff;\u00a0\u00bb&gt;Th\u00e9atre Iguane&lt;\/span&gt;&lt;span style=\u00a0\u00bbcolor: #ffffff;\u00a0\u00bb data-mce-style=\u00a0\u00bbcolor: #ffffff;\u00a0\u00bb&gt;Th\u00e9atre Clavel&lt;\/span&gt;&lt;span style=\u00a0\u00bbcolor: #ffffff;\u00a0\u00bb data-mce-style=\u00a0\u00bbcolor: #ffffff;\u00a0\u00bb&gt;Compagnie Bois-Midi&lt;\/span&gt;Festival Les Herbes FollesLa Station &#8211; Gare des MinesFestival Les nuits du cirque (Belgique)<\/p>\n<\/div><\/section>&lt;br \/&gt;<\/p><\/div><div class=\"flex_column av_one_half  no_margin flex_column_table_cell av-equal-height-column av-align-middle av-zero-column-padding   \" style='border-radius:0px; '><p>&lt;br \/&gt;<section class=\"av_textblock_section\" ><div class='avia_textblock '  style='font-size:26px; ' ><p>Association caritative \u00ab\u00a0Un maillot pour la vie\u00a0\u00bb (r\u00e9ception \u00e0 l&rsquo;hotel Marriott des Champs-Elys\u00e9e)&lt;span style=\u00a0\u00bbcolor: #ffffff;\u00a0\u00bb data-mce-style=\u00a0\u00bbcolor: #ffffff;\u00a0\u00bb&gt;Compagnie des Trois Coups l&rsquo;Oeuvre&lt;\/span&gt;&lt;span style=\u00a0\u00bbcolor: #ffffff;\u00a0\u00bb data-mce-style=\u00a0\u00bbcolor: #ffffff;\u00a0\u00bb&gt;Compagnie Cirque Ovale&lt;\/span&gt;&lt;span style=\u00a0\u00bbcolor: #ffffff;\u00a0\u00bb data-mce-style=\u00a0\u00bbcolor: #ffffff;\u00a0\u00bb&gt;Cabaret Cherry&rsquo;s Fizz&lt;\/span&gt;Parc Ast\u00e9rixCabaret Le KalinkaSalon Fantastique (Paris)Cabaret Le casino de Saxon (Suisse)<\/p>\n<\/div><\/section>&lt;br \/&gt;<\/p><\/div><\/div><!--close column table wrapper. Autoclose:  --><section class=\"av_textblock_section\" ><div class='avia_textblock '  style='font-size:13px; ' ><p>\u00a9 Nestor &#8211; contorsionniste 2020<\/p>\n<\/div><\/section><div style='height:500px' class='hr hr-invisible '><span class='hr-inner ' ><span class='hr-inner-style'><\/span><\/span><\/div><div class='flex_column_table av-equal-height-column-flextable' ><div class=\"flex_column av_one_full  av-hide-on-mobile  no_margin flex_column_table_cell av-equal-height-column av-align-middle av-zero-column-padding first  \" style='border-radius:10px 00px 00px 10px ; '><p>&lt;br \/&gt;<section class=\"av_textblock_section\" ><div class='avia_textblock '  style='font-size:22px; ' ><\/div><\/section>&lt;br \/&gt;<\/p><\/div><\/div><!--close column table wrapper. Autoclose:  --><div class='flex_column_table av-equal-height-column-flextable' ><div class=\"flex_column av_one_full  av-hide-on-mobile  no_margin flex_column_table_cell av-equal-height-column av-align-middle av-zero-column-padding first  \" style='border-radius:10px 00px 00px 10px ; '><p>&lt;br \/&gt;<section class=\"av_textblock_section\" ><div class='avia_textblock '  style='font-size:22px; ' ><\/div><\/section>&lt;br \/&gt;<\/p><\/div><\/div><!--close column table wrapper. Autoclose:  -->&lt;\/p&gt;<\/p>\n","protected":false},"excerpt":{"rendered":"<p>&lt;p&gt;&lt;\/p&gt;<\/p>\n","protected":false},"author":1,"featured_media":0,"parent":0,"menu_order":0,"comment_status":"closed","ping_status":"closed","template":"","meta":{"footnotes":""},"_links":{"self":[{"href":"https:\/\/nestor-contorsionniste.fr\/index.php?rest_route=\/wp\/v2\/pages\/4883"}],"collection":[{"href":"https:\/\/nestor-contorsionniste.fr\/index.php?rest_route=\/wp\/v2\/pages"}],"about":[{"href":"https:\/\/nestor-contorsionniste.fr\/index.php?rest_route=\/wp\/v2\/types\/page"}],"author":[{"embeddable":true,"href":"https:\/\/nestor-contorsionniste.fr\/index.php?rest_route=\/wp\/v2\/users\/1"}],"replies":[{"embeddable":true,"href":"https:\/\/nestor-contorsionniste.fr\/index.php?rest_route=%2Fwp%2Fv2%2Fcomments&post=4883"}],"version-history":[{"count":17,"href":"https:\/\/nestor-contorsionniste.fr\/index.php?rest_route=\/wp\/v2\/pages\/4883\/revisions"}],"predecessor-version":[{"id":5575,"href":"https:\/\/nestor-contorsionniste.fr\/index.php?rest_route=\/wp\/v2\/pages\/4883\/revisions\/5575"}],"wp:attachment":[{"href":"https:\/\/nestor-contorsionniste.fr\/index.php?rest_route=%2Fwp%2Fv2%2Fmedia&parent=4883"}],"curies":[{"name":"wp","href":"https:\/\/api.w.org\/{rel}","templated":true}]}}